rt -108 (base 14) to base 9.
-246
What is 17037 (base 9) in base 4?
2312302
Convert 41a1 (base 11) to base 14.
204c
-30134 (base 5) to base 3
-2122002
-d67 (base 15) to base 9
-4127
What is -315d (base 14) in base 7?
-33546
Convert 2c70 (base 13) to base 6.
50053
31001203 (base 4) to base 2
1101000001100011
651 (base 8) to base 15
1d5
23141 (base 5) to base 8
3207
What is -42033 (base 8) in base 6?
-212415
Convert -6966 (base 11) to base 4.
-2032323
122 (base 7) to base 6
145
Convert -2242 (base 12) to base 15.
-11ce
-47273 (base 8) to base 16
-4ebb
-2813 (base 14) to base 15
-2168
What is 467 (base 9) in base 12?
281
-1033002 (base 5) to base 16
-45d5
Convert -610 (base 14) to base 3.
-1122002
Convert 3032132 (base 4) to base 10.
13214
Convert 2c (base 15) to base 6.
110
What is -10020 (base 4) in base 11?
-220
Convert -4a3b (base 16) to base 15.
-596d
-44f5 (base 16) to base 9
-26184
-19c (base 15) to base 5
-2442
Convert 122 (base 8) to base 14.
5c
4505 (base 7) to base 13
97a
Convert -1230 (base 10) to base 6.
-5410
-3447 (base 8) to base 10
-1831
Convert cc (base 14) to base 8.
264
Convert 836 (base 16) to base 2.
100000110110
What is -10221110 (base 3) in base 5?
-42444
Convert 424300 (base 5) to base 14.
5313
What is 100001100 (base 2) in base 4?
10030
Convert 775 (base 9) to base 10.
635
Convert 2362 (base 7) to base 12.
611
What is -4214 (base 5) in base 14?
-2bd
-557 (base 8) to base 3
-111121
Convert 1c60 (base 15) to base 13.
2a63
-1223210 (base 4) to base 5
-210014
-1101111111110 (base 2) to base 15
-21cb
Convert d202 (base 16) to base 8.
151002
What is -162 (base 7) in base 6?
-233
-2a6 (base 16) to base 4
-22212
Convert 262e (base 16) to base 15.
2d69
-311142 (base 6) to base 7
-132413
-312 (base 9) to base 15
-11e
What is -11100110 (base 2) in base 7?
-446
What is -c18 (base 16) in base 3?
-11020200
What is -3322 (base 5) in base 8?
-716
What is -2541 (base 6) in base 14?
-337
-2b87 (base 15) to base 12
-54b4
-4648 (base 13) to base 4
-2122012
What is 523 (base 12) in base 15?
34c
Convert 61213 (base 8) to base 5.
1301402
What is -40a9 (base 11) in base 7?
-21604
What is -47e (base 15) in base 13?
-605
What is -20634 (base 8) in base 13?
-3bbb
What is 3124234 (base 5) in base 4?
30221223
Convert 1121212 (base 5) to base 3.
1000200111
What is 12211101 (base 3) in base 8?
10231
What is 441322 (base 5) in base 13?
6c02
What is -23 (base 9) in base 11?
-1a
-1243 (base 7) to base 6
-2104
a99a (base 12) to base 13
8680
What is c91 (base 15) in base 8?
5424
Convert 11111 (base 3) to base 6.
321
Convert -10343 (base 7) to base 4.
-220103
-31023 (base 4) to base 10
-843
What is -9100 (base 13) in base 16?
-4de6
Convert 796 (base 11) to base 8.
1670
What is 3013 (base 4) in base 16?
c7
What is -12823 (base 15) in base 4?
-32131020
-7076 (base 8) to base 14
-1486
10001010111 (base 2) to base 3
1112011
What is -2020 (base 6) in base 5?
-3234
-113223 (base 4) to base 3
-2002010
Convert 223311 (base 5) to base 9.
11820
Convert -69bb (base 12) to base 3.
-121012022
-b610 (base 15) to base 13
-1469a
Convert 402401 (base 7) to base 12.
334bb
What is -2451 (base 7) in base 9?
-1230
-21222210 (base 3) to base 12
-3456
What is 4a2 (base 16) in base 10?
1186
-716 (base 15) to base 2
-11000111100
Convert 33443 (base 5) to base 14.
c17
Convert -21115 (base 11) to base 3.
-1120011220
-6757 (base 8) to base 4
-313233
-3012 (base 6) to base 2
-1010010000
What is 1772 (base 14) in base 7?
15202
What is 1010100110 (base 2) in base 9?
833
515 (base 12) to base 16
2e1
What is 1222011 (base 3) in base 8?
2633
-140535 (base 7) to base 13
-c1b6
What is -5130 (base 12) in base 13?
-4026
111101110000011 (base 2) to base 16
7b83
Convert 1341431 (base 5) to base 3.
1102001110
111100110 (base 2) to base 15
226
-b0 (base 13) to base 6
-355
What is 12a (base 15) in base 9?
324
Convert 1035 (base 9) to base 12.
535
What is -b489 (base 14) in base 16?
-7971
15423 (base 8) to base 16
1b13
170e (base 15) to base 3
20210212
-20101100 (base 4) to base 16
-8450
What is -20002003 (base 4) in base 16?
-8083
-12282 (base 10) to base 7
-50544
3714 (base 16) to base 14
51d2
What is 1857 (base 13) in base 3?
11222010
24266 (base 7) to base 6
45132
Convert -100010102 (base 3) to base 12.
-3a25
What is -2daa (base 14) in base 7?
-32603
What is 12737 (base 11) in base 9?
26851
What is 4057 (base 11) in base 16?
150a
What is 430 (base 6) in base 9?
200
Convert -3c62 (base 15) to base 3.
-122201102
What is 2002333 (base 4) in base 13?
3a7b
Convert -24310 (base 5) to base 6.
-12250
Convert 9c9 (base 15) to base 3.
10001000
What is -506 (base 15) in base 14?
-5ab
What is 202101200 (base 3) in base 14?
55c0
Convert 412 (base 10) to base 5.
3122
-212100 (base 3) to base 12
-446
Convert -1fd2 (base 16) to base 14.
-2d7c
Convert 100010111000 (base 2) to base 5.
32412
Convert -770 (base 9) to base 4.
-21312
What is -1002220 (base 4) in base 2?
-1000010101000
-331 (base 16) to base 9
-1107
594 (base 15) to base 3
1201211
387 (base 11) to base 10
458
Convert 480 (base 10) to base 2.
111100000
-e40 (base 15) to base 8
-6212
-11100000 (base 2) to base 7
-440
4279 (base 15) to base 9
21256
-a06a (base 13) to base 2
-101011000101010
14ca0 (base 14) to base 5
3130014
What is -501451 (base 6) in base 11?
-27561
Convert -110111111101010 (base 2) to base 15.
-8750
Convert -2c3 (base 15) to base 14.
-333
Convert -3457 (base 8) to base 10.
-1839
What is -5002 (base 6) in base 13?
-653
616 (base 12) to base 6
4030
Convert 1300030 (base 4) to base 5.
212210
Convert -21130 (base 6) to base 10.
-2862
What is -3249 (base 13) in base 9?
-10526
What is -713 (base 11) in base 14?
-457
Convert 49a (base 13) to base 3.
1002202
-1a51 (base 14) to base 10
-4775
Convert -3420 (base 5) to base 11.
-401
What is 1044023 (base 5) in base 9?
27508
Convert -5010 (base 9) to base 10.
-3654
What is -10335 (base 11) in base 8?
-35302
Convert -242302 (base 5) to base 6.
-110005
What is 1162 (base 7) in base 5?
3221
Convert -39c (base 16) to base 12.
-650
What is a351 (base 12) in base 2?
100010101101101
Convert -5aa (base 14) to base 5.
-14010
101132 (base 4) to base 16
45e
12132 (base 5) to base 16
395
Convert -2113 (base 4) to base 16.
-97
-14540 (base 6) to base 14
-c0c
Convert -1000111 (base 3) to base 7.
-2110
What is -35154 (base 6) in base 12?
-2aba
Convert -a351 (base 13) to base 2.
-101100000001111
Convert 166 (base 9) to base 7.
261
100324 (base 6) to base 10
7900
Convert -563 (base 9) to base 14.
-250
3573 (base 9) to base 11
1aa7
What is 6606 (base 9) in base 11?
3724
Convert -1515 (base 15) to base 4.
-1012220
40521 (base 6) to base 9
7334
632 (base 7) to base 3
102202
3010 (base 5) to base 7
1052
What is 251a (base 12) in base 14?
175c
Convert 210 (base 14) to base 5.
3111
Convert b386 (base 14) to base 3.
1120101002
Convert -10ed3 (base 16) to base 6.
-1252551
What is 253 (base 15) in base 11?
440
Convert 152012 (base 7) to base 9.
44425
What is 382 (base 9) in base 15?
162
What is 329 (base 11) in base 2?
110001010
What is -5162 (base 9) in base 8?
-7306
-11fe (base 16) to base 10
-4606
What is 31336 (base 7) in base 16?
1e28
657 (base 12) to base 3
1021111
What is -112212 (base 3) in base 6?
-1505
Convert -1545 (base 14) to base 3.
-12012012
-35b (base 14) to base 2
-1010011101
What is -12011 (base 6) in base 8?
-3307
2112 (base 5) to base 13
189
Convert -202213 (base 4) to base 5.
-32330
28012 (base 9) to base 3
222000102
164 (base 15) to base 6
1251
644 (base 8) to base 13
264
1bb (base 14) to base 5
2421
Convert -3369 (base 11) to base 6.
-32303
Convert -1317 (base 9) to base 12.
-6a4
Convert 64a (base 12) to base 16.
39a
6146 (base 15) to base 9
31153
-27662 (base 9) to base 13
-8708
What is -15567 (base 8) in base 12?
-409b
20671 (base 8) to base 2
10000110111001
What is 33b (base 12) in base 14?
263
-16351 (base 9) to base 15
-34d4
What is 11313101 (base 4) in base 15?
71b2
-14334 (base 5) to base 6
-5351
What is 5cb (base 15) in base 6?
10032
-7a39 (base 14) to base 7
-115602
Convert -4551 (base 7) to base 14.
-861
What is 1740 (base 8) in base 16?
3e0
188 (base 13) to base 12
1b5
5126 (base 10) to base 16
1406
What is -10118 (base 10) in base 8?
-23606
-765 (base 11) to base 6
-4130
What is -2110